t is the units digit of 681114?
4
What is the hundreds digit of 8429888?
8
What is the units digit of 6731?
1
What is the ten thousands digit of 297158?
9
What is the hundred thousands digit of 1239554?
2
What is the units digit of 33901?
1
What is the thousands digit of 76990?
6
What is the hundreds digit of 174707?
7
What is the tens digit of 9837304?
0
What is the units digit of 924187?
7
What is the thousands digit of 302941?
2
What is the ten thousands digit of 1739992?
3
What is the tens digit of 288695?
9
What is the hundred thousands digit of 593505?
5
What is the units digit of 22943493?
3
What is the hundred thousands digit of 637424?
6
What is the hundred thousands digit of 214440?
2
What is the ten thousands digit of 1422588?
2
What is the units digit of 287182?
2
What is the thousands digit of 444134?
4
What is the hundred thousands digit of 33583907?
5
What is the tens digit of 334060?
6
What is the ten thousands digit of 9080440?
8
What is the tens digit of 9975264?
6
What is the units digit of 3115658?
8
What is the hundred thousands digit of 873044?
8
What is the hundred thousands digit of 720728?
7
What is the tens digit of 512930?
3
What is the millions digit of 21662317?
1
What is the ten thousands digit of 80468?
8
What is the hundred thousands digit of 610715?
6
What is the units digit of 10637047?
7
What is the hundred thousands digit of 249709?
2
What is the tens digit of 8746798?
9
What is the millions digit of 3519429?
3
What is the tens digit of 1355945?
4
What is the ten thousands digit of 3971326?
7
What is the tens digit of 34054011?
1
What is the tens digit of 3270486?
8
What is the hundreds digit of 36726389?
3
What is the hundred thousands digit of 9770141?
7
What is the units digit of 7561730?
0
What is the millions digit of 1928293?
1
What is the hundred thousands digit of 451566?
4
What is the thousands digit of 761843?
1
What is the millions digit of 1254916?
1
What is the hundreds digit of 46368?
3
What is the thousands digit of 1061378?
1
What is the thousands digit of 1695583?
5
What is the tens digit of 9454014?
1
What is the hundred thousands digit of 314220?
3
What is the thousands digit of 17740718?
0
What is the units digit of 19758486?
6
What is the tens digit of 9223086?
8
What is the thousands digit of 129526?
9
What is the millions digit of 5716714?
5
What is the hundreds digit of 81340?
3
What is the millions digit of 2884392?
2
What is the millions digit of 1936916?
1
What is the thousands digit of 24998492?
8
What is the tens digit of 2771568?
6
What is the units digit of 7686389?
9
What is the ten thousands digit of 134152?
3
What is the hundreds digit of 16832538?
5
What is the ten thousands digit of 1573912?
7
What is the hundreds digit of 1262830?
8
What is the hundreds digit of 663102?
1
What is the tens digit of 115467?
6
What is the hundreds digit of 1073591?
5
What is the ten thousands digit of 16721752?
2
What is the ten thousands digit of 12616289?
1
What is the units digit of 12003383?
3
What is the thousands digit of 358479?
8
What is the tens digit of 342389?
8
What is the tens digit of 12440311?
1
What is the hundred thousands digit of 386262?
3
What is the ten thousands digit of 4917568?
1
What is the tens digit of 994697?
9
What is the hundred thousands digit of 473694?
4
What is the ten thousands digit of 1121586?
2
What is the ten thousands digit of 1306892?
0
What is the tens digit of 747507?
0
What is the units digit of 71181?
1
What is the thousands digit of 809303?
9
What is the hundred thousands digit of 401024?
4
What is the millions digit of 4398662?
4
What is the ten thousands digit of 4488127?
8
What is the millions digit of 2569948?
2
What is the hundreds digit of 658802?
8
What is the tens digit of 1694613?
1
What is the tens digit of 818211?
1
What is the tens digit of 150709?
0
What is the thousands digit of 173664?
3
What is the thousands digit of 27022104?
2
What is the tens digit of 242191?
9
What is the hundreds digit of 2501016?
0
What is the hundred thousands digit of 17524362?
5
What is the tens digit of 5895584?
8
What is the tens digit of 634131?
3
What is the ten thousands digit of 24563437?
6
What is the hundred thousands digit of 1178047?
1
What is the units digit of 311531?
1
What is the millions digit of 1418698?
1
What is the tens digit of 681601?
0
What is the tens digit of 154504?
0
What is the tens digit of 4957351?
5
What is the thousands digit of 792264?
2
What is the ten thousands digit of 1934824?
3
What is the ten thousands digit of 925404?
2
What is the millions digit of 1733023?
1
What is the hundreds digit of 618613?
6
What is the hundreds digit of 33129052?
0
What is the thousands digit of 81441?
1
What is the tens digit of 236460?
6
What is the thousands digit of 188243?
8
What is the thousands digit of 243752?
3
What is the tens digit of 291173?
7
What is the millions digit of 1252010?
1
What is the hundred thousands digit of 4419479?
4
What is the millions digit of 2847947?
2
What is the thousands digit of 917134?
7
What is the ten millions digit of 29752862?
2
What is the hundreds digit of 921684?
6
What is the tens digit of 18059?
5
What is the hundred thousands digit of 144376?
1
What is the hundred thousands digit of 1620105?
6
What is the units digit of 186584?
4
What is the hundred thousands digit of 116218?
1
What is the hundreds digit of 25304003?
0
What is the thousands digit of 3100404?
0
What is the thousands digit of 320275?
0
What is the hundreds digit of 93400?
4
What is the hundreds digit of 230563?
5
What is the hundreds digit of 2970394?
3
What is the hundred thousands digit of 1318927?
3
What is the tens digit of 15182908?
0
What is the thousands digit of 723897?
3
What is the thousands digit of 130368?
0
What is the tens digit of 1163542?
4
What is the units digit of 4892451?
1
What is the tens digit of 13555512?
1
What is the hundreds digit of 460175?
1
What is the thousands digit of 2299749?
9
What is the tens digit of 6545028?
2
What is the thousands digit of 343876?
3
What is the ten thousands digit of 23852637?
5
What is the hundreds digit of 439381?
3
What is the ten thousands digit of 3016501?
1
What is the millions digit of 2218311?
2
What is the thousands digit of 14595661?
5
What is the hundreds digit of 2543455?
4
What is the units digit of 14577183?
3
What is the millions digit of 1145150?
1
What is the hundred thousands digit of 242317?
2
What is the millions digit of 10627923?
0
What is the ten thousands digit of 1045980?
4
What is the hundreds digit of 264718?
7
What is the ten thousands digit of 660407?
6
What is the tens digit of 1816531?
3
What is the hundreds digit of 315326?
3
What is the thousands digit of 1546399?
6
What is the thousands digit of 3601860?
1
What is the tens digit of 931418?
1
What is the hundreds digit of 1080295?
2
What is the hundred thousands digit of 3003156?
0
What is the hundreds digit of 35855474?
4
What is the hundreds digit of 140144?
1
What is the hundred thousands digit of 176386?
1
What is the units digit of 165823?
3
What is the tens digit of 2061200?
0
What is the hundred thousands digit of 6115954?
1
What is the ten thousands digit of 507371?
0
What is the hundred thousands digit of 1213284?
2
What is the tens digit of 2008002?
0
What is the ten thousands digit of 252530?
5
What is the hundreds digit of 617888?
8
What is the ten thousands digit of 3771839?
7
What is the tens digit of 1725818?
1
What is the units digit of 5194145?
5
What is the millions digit of 21553084?
1
What is the units digit of 9561381?
1
What is the tens digit of 4125603?
0
What is the units digit of 1422736?
6
What is the tens digit of 15697883?
8
What is the hundreds digit of 1634972?
9
What is the ten thousands digit of 2793172?
9
What is the thousands digit of 1563976?
3
What is the hundreds digit of 57081?
0
What is the tens digit of 12158149?
4
What is the hundred thousands digit of 2022163?
0
What is the hundred thousands digit of 3408824?
4
What is the tens digit of 2556144?
4
What is the thousands digit of 347753?
7
What is the units digit of 1806122?
2
What is the units digit of 18731?
1
What is the hundreds digit of 119882?
8
What is the hundreds digit of 2066261?
2
What i